-45*p - 5 = -50*p. Let f be x(p). What is the units digit of ((-25)/f)/(-35) - 8200/(-28)?
3
What is the units digit of 8/(-8)*(28 - 3315)?
7
Let d = -71 + 75. Suppose 4*w = -5*l + 2*w + 1489, 602 = 2*l + d*w. What is the tens digit of ((-4)/(-6))/(6/l)?
3
Let s(j) = -24*j**3 + 4*j**2 + 5*j + 9. What is the tens digit of s(-4)?
8
Suppose -d - 3*y + 2750 = -6260, -4*y = 4*d - 36000. What is the thousands digit of d?
8
Let k(x) = -2*x + 84. Let b be k(31). Suppose 15*y - b*y = -3864. What is the hundreds digit of y?
5
Let m(c) be the second derivative of c**6/360 + c**5/4 - 9*c**4/4 - c. Let i(o) be the third derivative of m(o). What is the units digit of i(-14)?
2
Suppose 4*b + 10004 = 5*d, -3*d = -0*d - 3*b - 6003. What is the tens digit of (d/24)/10*6?
5
Suppose m - 5*v - 7 = 0, -5*m + 12 - 3 = v. Suppose -3*n = m*n - s, -n = s. Suppose p + n*p = -2*w + 127, 2*w = -4*p + 490. What is the hundreds digit of p?
1
Let f(c) = 436*c**3 + 410*c**3 - 9*c - 845*c**3 - 2. Suppose 2*j - 6 - 4 = 0. What is the tens digit of f(j)?
7
Let m(b) = -2*b**2 - 12*b - 12. Let o be m(-5). Let x be -6 + (-6)/(-33) + o/11. What is the units digit of 7*((-4 - x) + 19)?
7
Suppose 0 = -3*f - 2*y + 6485, 11*f + 2*y - 2167 = 10*f. What is the thousands digit of f?
2
Suppose 1076*n + 137594 = 1082*n + 4*d, -5*d = 4*n - 91720. What is the tens digit of n?
3
Let n be -2*105/30*6/(-14). Suppose r = n*s - 2231 - 1005, -20 = 4*r. What is the tens digit of s?
7
Suppose -4*q - q = -3*r, 0 = -4*r. Suppose -4*n + 4*t = -q*t - 2364, -4*t + 16 = 0. What is the hundreds digit of n?
5
Let w be 1786 - 1 - (-5 + (5 - 1)). Let n = w + -1154. What is the tens digit of n?
3
Let j(s) = -s**2 + 4*s + 7. Suppose -18*y + 6*y = -60. Let t be j(y). Suppose -4*v = -t*p - 358, -v - 164 = -3*v - 4*p. What is the units digit of v?
8
Suppose 12*t = -0*t + 11412. Let p = -454 + t. What is the hundreds digit of p?
4
Let u be -10 - ((-3)/1 - -7). Let p(a) = a**3 + 15*a**2 + 9*a - 23. What is the units digit of p(u)?
7
Suppose 2403*v = 2387*v + 146800. What is the tens digit of v?
7
Let t be (-3)/18 - (-140)/(-24). Let f be 3/t - (-2463)/6. Let r = f + -250. What is the units digit of r?
0
Let n(t) = t**3 - 22*t**2 + 26*t - 69. Let j be n(21). What is the units digit of (-9386)/(-6) + 1 + (-48)/j?
4
Let c = 53901 - 25157. What is the units digit of c?
4
Let d(x) = x**3 + 18*x**2 + 5*x - 10. Let h be d(-17). Let q = h + -132. Let c = q + 42. What is the tens digit of c?
0
Suppose 3*b + 5*f = -0*f + 27, 4*b = -2*f + 22. Suppose 187 = 4*q + 3*x, b*x + 25 = q - 17. What is the units digit of q?
6
Let f = 24 + -22. Let r(y) = 7 + 1 + 18 - f + y. What is the units digit of r(-14)?
0
Let b(j) = 16*j - 38 + j + 15*j + 8*j. Let f be b(5). What is the hundreds digit of f - (9 + -4 + -2)?
1
Let m = 48978 + -11. What is the units digit of m?
7
Suppose 9*u + 3243 = 10740. Let i = 1413 - u. What is the hundreds digit of i?
5
Suppose 436 = 5*n - 2*m, -3*m = 4*n - m - 356. Suppose 2*g = n + 12. Suppose g*y + 100 = 52*y. What is the units digit of y?
0
Let w be (-6 - -3) + 6 - (-6)/2. Let f(r) = 2*r + 5. What is the units digit of f(w)?
7
Let c(z) = -z**2 + 4*z + 18. Let x be c(7). What is the units digit of (8/(-16))/(x/4212)?
2
What is the units digit of 6/4*(-62166)/(-9)?
1
Let g(r) = 26*r**3 + 6*r**2 + 38. What is the thousands digit of g(4)?
1
Let o be (-77 + 0)/(4 - (-21)/(-6)). Suppose -5*t = -t + 140. Let z = t - o. What is the units digit of z?
9
Let a = 28966 - 16261. Suppose 264*u - 253*u = a. What is the hundreds digit of u?
1
Suppose 0*s + 195 = 3*s. Let h be 6*(4 + s/(-15)). What is the units digit of 5/(-10) - 131/h?
5
Let b(y) = 8*y**2 - 3*y + 7. Suppose -6*h + 33 = -33. Suppose 3*w + 1 = -h. What is the hundreds digit of b(w)?
1
Let f = -17694 + 33857. What is the hundreds digit of f?
1
Let p(x) = x**3 - 37*x**2 - 274*x - 78. What is the units digit of p(45)?
2
Let g = 1 - -6. Let k(r) = -r**3 + 9*r**2 - 9*r + 5. Let y be k(8). Let t = g + y. What is the units digit of t?
4
Let z(a) = 2*a**3 - 4*a**2 + 12*a - 12. Let k be 0 + -5 + 5 + 10 + -7. What is the units digit of z(k)?
2
Suppose -1109 + 36937 = 13*p. What is the tens digit of p?
5
Let q = -1 + 4. Suppose 3*i - 7 = -i + j, -3 = -3*i + q*j. What is the units digit of (i - 0/1)*(17 + 0)?
4
Let s(g) = 11*g**2 + g**3 - 1530 + 1527 - 2*g**3 - 4*g. Let i = 15 + -10. What is the units digit of s(i)?
7
Suppose -225 = -27*p - 36. Let l(t) = 5*t**3 - 7*t**2 - 15*t - 3. What is the tens digit of l(p)?
6
Let j(d) = -d**2 + 3*d + 3. Let b be j(0). Suppose -b*r = -3*w + 222, -w - 208 = -4*w - 4*r. What is the tens digit of w?
7
Suppose -3 = -5*u + 22. Suppose 0 = -2*p - 5*o + 22, u*p - 2*o + 5*o - 55 = 0. Let m(f) = 2*f**2 - 21*f + 21. What is the tens digit of m(p)?
3
Let u(c) = -c**3 - 7*c**2 + 8*c + 2. Let j be u(-8). Suppose -g = 4*v - 87, -v = -3*v - j*g + 36. Suppose 264 = -20*o + v*o. What is the tens digit of o?
8
Let w = -5511 - -10542. What is the hundreds digit of w?
0
Let x(d) = d**3 + 41*d**2 - 25*d - 237. What is the hundreds digit of x(-40)?
3
Let r(h) = -2*h**2 - h + 4. Let w be r(3). Let y be (w + 13)*(-2)/(1 - 0). What is the units digit of (-5)/y*-6 - 39/52?
3
Let d = -57350 - -87257. What is the ten thousands digit of d?
2
Let m(v) = 3*v**2 + 12*v - 13. Let s be m(-5). Suppose -s*y = 0, -4*l + 6*y - 4*y = -1400. What is the tens digit of l?
5
Suppose -705966 = -126*m + 968106 + 1053954. What is the ten thousands digit of m?
2
Let i be -2 + -1 + 7 + -2 + -1. Suppose -2*c + 5*l + 157 = 0, -i - 9 = 2*l. What is the tens digit of c?
6
Let c = -234 - -13756. What is the tens digit of c?
2
Let w(f) = -1. Let x(d) = -2. Let r(i) = -w(i) + x(i). Let u(h) = 177*h. Let n(p) = 4*r(p) - u(p). What is the units digit of n(-1)?
3
Let x(t) = -2*t**3 + 5*t**2 - 4*t + 5. Let m = 44 - 41. Let g be x(m). What is the units digit of g/(-6)*51/(-12)*-9?
2
Let a be -2 + (-6)/(-4) + (-2)/(-4). Suppose a = -5*f + 2*q - q + 29, -21 = -5*f - q. Suppose 186 = -2*w + f*w. What is the tens digit of w?
6
Suppose -3*w + 12995 + 2554 = l, 28 = -4*w. What is the ten thousands digit of l?
1
Suppose -18 + 6 = -3*z - 3*x, 4*z + x = 19. Suppose -z*i + 780 = 4*w, -975 = -8*w + 3*w - 2*i. What is the hundreds digit of w?
1
Let r = -133 - -142. Suppose 2402 = -5*h + r*h + 3*b, 3*h = -3*b + 1803. What is the units digit of h?
9
Let x = 126668 - 56208. What is the hundreds digit of x?
4
Suppose 9 = -32*m + 37*m + 3*l, 2*m = -3*l. Suppose 17 - 14 = -3*r, -m*r = f - 968. What is the tens digit of f?
7
Suppose -4*p + 2 + 6 = 0. Suppose -z + 5*n = -322, 4*z + 24*n - 1388 = 19*n. Suppose -p*c - z = -5*c. What is the hundreds digit of c?
1
Suppose -5*b - 59 = -424. Suppose b*w + 679 = 80*w. What is the tens digit of w?
9
Let w(d) = 2204*d + 1746. What is the units digit of w(3)?
8
Let r(c) = c**3 + 13*c**2 + 2*c - 45. Let l(y) = -3*y**3 - 38*y**2 - 6*y + 134. Let u(o) = -2*l(o) - 7*r(o). What is the units digit of u(-17)?
9
Let q be (-288)/192*(-356)/6. Suppose q*p - 78*p = 5335. What is the hundreds digit of p?
4
Let m(d) = -2*d**2 + 31*d - 15. Let h be m(15). Suppose 34*z - 37*z + 594 = h. What is the tens digit of z?
9
What is the thousands digit of (-30)/3600*12 + 262202/20?
3
Let m(r) = 3*r + 3 - 6*r - 289*r**2 - 4*r**3 + 284*r**2. Let y be 1*(-1 + 0)*3. What is the units digit of m(y)?
5
Let q be 0*(-5)/(-20)*1. Suppose -2*x + 4*x - 616 = q. Suppose -4*v - 4*r + x = 0, 3*v + 4*r - 234 = 2*r. What is the tens digit of v?
8
Suppose -14 - 2 = 4*i. Let w be i/(20/375)*1. What is the tens digit of 1 + -1 - (12 + w)?
6
Suppose 0 = -5*w - 2*h + 1104, -5*w - 3*h - 214 = -6*w. Let v(p) = 116*p - 1. Let d be v(-1). Let n = d + w. What is the hundreds digit of n?
1
What is the tens digit of 6640 + 2 + -5 + -3?
3
Let z be 180/225*(-24930)/(-4). Suppose -5*h + 3*g = -z, 2*h - 2*g = 4*h - 1988. What is the tens digit of h?
9
Suppose 2*p = -3*c + 8094, -6*p - c = -4*p - 8090. What is the thousands digit of p?
4
Let z be (-15)/45 + 37/3. Let d be 2/(-6)*z/(6/3). What is the units digit of d/10 - (-4)/(-10)*-83?
3
Let b be 2954/(-21)*(3 + 0). Let k be 921/(-4) + (33/(-12))/(-11). Let o = k - b. What is the units digit of o?
2
Suppose -8*x - x - 18 = 0. Let h be (-21)/(-15)*x/(-7)*10. Suppose j - 